{"id":13,"date":"2022-02-15T20:03:47","date_gmt":"2022-02-15T20:03:47","guid":{"rendered":"https:\/\/prueba.inventabto.com\/?page_id=13"},"modified":"2022-10-27T18:42:30","modified_gmt":"2022-10-27T18:42:30","slug":"noticias","status":"publish","type":"page","link":"https:\/\/newssegura.econometria.com\/","title":{"rendered":"Noticias"},"content":{"rendered":"\r\n<div class=\"wp-block-columns is-layout-flex wp-container-core-columns-is-layout-9d6595d7 wp-block-columns-is-layout-flex\">\r\n<div class=\"wp-block-column is-layout-flow wp-block-column-is-layout-flow\" style=\"flex-basis: 100%;\"><div class=\"facetwp-template\" data-name=\"blog_posts\"><div class=\"fwpl-layout el-hkhimk\"><div class=\"fwpl-result\"><div class=\"fwpl-row el-8cjrpw\"><div class=\"fwpl-col el-1tvcxf\"><div class=\"fwpl-item el-fz703r\">Petro tira l\u00ednea sobre paz y lucha contra el hambre en posesi\u00f3n de directores<\/div><div class=\"fwpl-item el-nvm25m\">Fuente: El Espectador<\/div><div class=\"fwpl-item el-hkd6r\">Noticia sobre la posesi\u00f3n de 7 altos funcionarios del Estado donde el presidente hace referencia a enfoques entorno a la paz, el manejo de la migraci\u00f3n, la lucha contra el hambre y la seguridad.<\/div><div class=\"fwpl-item el-p4y2sk\">Dimensi\u00f3n: Pol\u00edticas p\u00fablicas<\/div><div class=\"fwpl-item el-bkdzir\">Cobertura: Colombia<\/div><div class=\"fwpl-item el-o64oj\"><a href=\"https:\/\/www.elespectador.com\/politica\/petro-tira-linea-sobre-paz-y-lucha-contra-el-hambre-en-posesion-de-directores\/?cx_testId=25&cx_testVariant=cx_1&cx_artPos=0#cxrecs_s\" style=\"color:#01118b\" target=\"_blank\">Vea la Noticia Aqu\u00ed<\/a><\/div><\/div><\/div><\/div><div class=\"fwpl-result\"><div class=\"fwpl-row el-8cjrpw\"><div class=\"fwpl-col el-1tvcxf\"><div class=\"fwpl-item el-fz703r\">La historia detr\u00e1s de 327 ni\u00f1os muertos por hambre y sed en La Guajira<\/div><div class=\"fwpl-item el-nvm25m\">Fuente: El Tiempo<\/div><div class=\"fwpl-item el-hkd6r\"><p>Noticia sobre las UCA que atienden a menores de 5 a\u00f1os y mujeres gestantes pero que no son suficientes para combatir la desnutrici\u00f3n de la Alta Guajira.<\/p>\n<\/div><div class=\"fwpl-item el-p4y2sk\">Dimensi\u00f3n: Acceso<\/div><div class=\"fwpl-item el-bkdzir\">Cobertura: Colombia<\/div><div class=\"fwpl-item el-o64oj\"><a href=\"https:\/\/www.eltiempo.com\/colombia\/otras-ciudades\/la-guajira-ninos-mueren-de-hambre-y-sed-en-esta-zona-de-704983\" style=\"color:#01118b\" target=\"_blank\">Vea la Noticia Aqu\u00ed<\/a><\/div><\/div><\/div><\/div><div class=\"fwpl-result\"><div class=\"fwpl-row el-8cjrpw\"><div class=\"fwpl-col el-1tvcxf\"><div class=\"fwpl-item el-fz703r\">Prohibir el futuro<\/div><div class=\"fwpl-item el-nvm25m\">Fuente: El Tiempo<\/div><div class=\"fwpl-item el-hkd6r\"><p>Columna de opini\u00f3n sobre el proyecto legislativo aprobado en el que se prohibe el uso, comercializaci\u00f3n y exportacion de semillas geneticamente modificadas.<\/p>\n<\/div><div class=\"fwpl-item el-p4y2sk\">Dimensi\u00f3n: Pol\u00edticas p\u00fablicas<\/div><div class=\"fwpl-item el-bkdzir\">Cobertura: Colombia<\/div><div class=\"fwpl-item el-o64oj\"><a href=\"https:\/\/www.eltiempo.com\/opinion\/columnistas\/moises-wasserman\/prohibir-el-futuro-columna-de-moises-wasserman-701026\" style=\"color:#01118b\" target=\"_blank\">Vea la Noticia Aqu\u00ed<\/a><\/div><\/div><\/div><\/div><div class=\"fwpl-result\"><div class=\"fwpl-row el-8cjrpw\"><div class=\"fwpl-col el-1tvcxf\"><div class=\"fwpl-item el-fz703r\">\u00bfC\u00f3mo comemos los colombianos y qu\u00e9 tiene que ver eso con la crisis ambiental?<\/div><div class=\"fwpl-item el-nvm25m\">Fuente: El Espectador<\/div><div class=\"fwpl-item el-hkd6r\"><p>Noticia sobre el informe de la organizaci\u00f3n WWF de la relaci\u00f3n de los ciudadanos con su alimentaci\u00f3n en 8 ciudades del pa\u00eds.<\/p>\n<\/div><div class=\"fwpl-item el-p4y2sk\">Dimensi\u00f3n: Acceso, Disponibilidad<\/div><div class=\"fwpl-item el-bkdzir\">Cobertura: Colombia<\/div><div class=\"fwpl-item el-o64oj\"><a href=\"https:\/\/www.elespectador.com\/ambiente\/bibo\/como-comemos-los-colombianos-y-que-tiene-que-ver-eso-con-la-crisis-ambiental\/\" style=\"color:#01118b\" target=\"_blank\">Vea la Noticia Aqu\u00ed<\/a><\/div><\/div><\/div><\/div><div class=\"fwpl-result\"><div class=\"fwpl-row el-8cjrpw\"><div class=\"fwpl-col el-1tvcxf\"><div class=\"fwpl-item el-fz703r\">Un mes y el plan de emergencia contra el hambre en Colombia no despega<\/div><div class=\"fwpl-item el-nvm25m\">Fuente: El Pa\u00eds<\/div><div class=\"fwpl-item el-hkd6r\"><p>Noticia sobre el plan de gobierno contra el hambre necesario para el pa\u00eds y la falta de pronunciamiento por parte del presidente del pa\u00eds.<\/p>\n<\/div><div class=\"fwpl-item el-p4y2sk\">Dimensi\u00f3n: Pol\u00edticas p\u00fablicas<\/div><div class=\"fwpl-item el-bkdzir\">Cobertura: Colombia<\/div><div class=\"fwpl-item el-o64oj\"><a href=\"https:\/\/elpais.com\/america-colombia\/2022-09-07\/un-mes-y-el-plan-de-emergencia-contra-el-hambre-en-colombia-no-despega.html#:~:text=plan%20de%20emergencia-,contra,-el%20hambre%20en\" style=\"color:#01118b\" target=\"_blank\">Vea la Noticia Aqu\u00ed<\/a><\/div><\/div><\/div><\/div><div class=\"fwpl-result\"><div class=\"fwpl-row el-8cjrpw\"><div class=\"fwpl-col el-1tvcxf\"><div class=\"fwpl-item el-fz703r\">Minagricultura solicitar\u00e1 cr\u00e9dito de emergencia por US$50 millones<\/div><div class=\"fwpl-item el-nvm25m\">Fuente: El Espectador<\/div><div class=\"fwpl-item el-hkd6r\"><p>Noticia sobre la preocupante situaci\u00f3n del aumento en el precio de los fertilizantes y el cr\u00e9dito de emergencia que solicitara Minagricultura que busca mitigar el precio de los alimentos.<\/p>\n<\/div><div class=\"fwpl-item el-p4y2sk\">Dimensi\u00f3n: Pol\u00edticas p\u00fablicas, Acceso, Disponibilidad<\/div><div class=\"fwpl-item el-bkdzir\">Cobertura: Colombia<\/div><div class=\"fwpl-item el-o64oj\"><a href=\"https:\/\/www.elespectador.com\/economia\/macroeconomia\/minagricultura-solicitara-credito-de-emergencia-por-us50-millones\/\" style=\"color:#01118b\" target=\"_blank\">Vea la Noticia Aqu\u00ed<\/a><\/div><\/div><\/div><\/div><div class=\"fwpl-result\"><div class=\"fwpl-row el-8cjrpw\"><div class=\"fwpl-col el-1tvcxf\"><div class=\"fwpl-item el-fz703r\">Agrosavia comprometido con la seguridad alimentaria del Caribe colombiano<\/div><div class=\"fwpl-item el-nvm25m\">Fuente: Caracol<\/div><div class=\"fwpl-item el-hkd6r\"><p>Noticia sobre Agrosavia y su plan Nacional Semilla que busca realizar estudios de manejo fitosanitario y agricultura climaticamente sostenible.<\/p>\n<\/div><div class=\"fwpl-item el-p4y2sk\">Dimensi\u00f3n: Sostenibilidad<\/div><div class=\"fwpl-item el-bkdzir\">Cobertura: Colombia<\/div><div class=\"fwpl-item el-o64oj\"><a href=\"https:\/\/caracol.com.co\/radio\/2022\/08\/30\/regional\/1661810697_771004.html\" style=\"color:#01118b\" target=\"_blank\">Vea la Noticia Aqu\u00ed<\/a><\/div><\/div><\/div><\/div><div class=\"fwpl-result\"><div class=\"fwpl-row el-8cjrpw\"><div class=\"fwpl-col el-1tvcxf\"><div class=\"fwpl-item el-fz703r\">Tenemos ocho a\u00f1os para acabar con el hambre en el mundo': Mario Lubetkin<\/div><div class=\"fwpl-item el-nvm25m\">Fuente: El Tiempo<\/div><div class=\"fwpl-item el-hkd6r\"><p>Entrevista al nuevo representante de la FAO sobre el panorama mundial de seguridad alimentaria especificamente en Am\u00e9rica Latina y las propuestas para generar sostenibilidad en los pr\u00f3ximos 20 a\u00f1os.<\/p>\n<\/div><div class=\"fwpl-item el-p4y2sk\">Dimensi\u00f3n: Pol\u00edticas p\u00fablicas, FAO<\/div><div class=\"fwpl-item el-bkdzir\">Cobertura: Mundial<\/div><div class=\"fwpl-item el-o64oj\"><a href=\"https:\/\/www.eltiempo.com\/mundo\/latinoamerica\/fao-tenemos-ocho-anos-para-acabar-con-el-hambre-en-el-mundo-697702\" style=\"color:#01118b\" target=\"_blank\">Vea la Noticia Aqu\u00ed<\/a><\/div><\/div><\/div><\/div><div class=\"fwpl-result\"><div class=\"fwpl-row el-8cjrpw\"><div class=\"fwpl-col el-1tvcxf\"><div class=\"fwpl-item el-fz703r\">La lucha contra el hambre<\/div><div class=\"fwpl-item el-nvm25m\">Fuente: El Espectador<\/div><div class=\"fwpl-item el-hkd6r\"><p>Columna de opini\u00f3n sobre el dise\u00f1o de las politicas contra el hambre y los aspectos de saneamiento y salud publica que deben ser fundamentales.<\/p>\n<\/div><div class=\"fwpl-item el-p4y2sk\">Dimensi\u00f3n: Pol\u00edticas p\u00fablicas<\/div><div class=\"fwpl-item el-bkdzir\">Cobertura: Colombia<\/div><div class=\"fwpl-item el-o64oj\"><a href=\"https:\/\/www.elespectador.com\/opinion\/columnistas\/armando-montenegro\/la-lucha-contra-el-hambre\/\" style=\"color:#01118b\" target=\"_blank\">Vea la Noticia Aqu\u00ed<\/a><\/div><\/div><\/div><\/div><div class=\"fwpl-result\"><div class=\"fwpl-row el-8cjrpw\"><div class=\"fwpl-col el-1tvcxf\"><div class=\"fwpl-item el-fz703r\">Radican ante el Congreso la \u201cLey Contra el Hambre\u201d<\/div><div class=\"fwpl-item el-nvm25m\">Fuente: Caracol<\/div><div class=\"fwpl-item el-hkd6r\"><p>Noticia sobre la radicaci\u00f3n de la ley contra el hambre que contempla subsidio para alimentos basicos y bonos alimentarios.<\/p>\n<\/div><div class=\"fwpl-item el-p4y2sk\">Dimensi\u00f3n: Pol\u00edticas p\u00fablicas, Acceso, Disponibilidad<\/div><div class=\"fwpl-item el-bkdzir\">Cobertura: Colombia<\/div><div class=\"fwpl-item el-o64oj\"><a href=\"https:\/\/caracol.com.co\/radio\/2022\/08\/11\/politica\/1660236778_028558.html\" style=\"color:#01118b\" target=\"_blank\">Vea la Noticia Aqu\u00ed<\/a><\/div><\/div><\/div><\/div><\/div>\n<style>\n.fwpl-layout {\n    display: grid;\n    grid-template-columns: 1fr;\n    grid-gap: 10px;\n}\n.fwpl-row {\n    display: grid;\n}\n.fwpl-row.el-8cjrpw {\n    grid-template-columns: 1fr;\n    border-style: solid;\n    border-color: #b0b0b0;\n    border-width: 0px 0px 1px 0px;\n    padding: 50px 0px;\n}\n.fwpl-item.el-fz703r {\n    border-width: 1px 0px 0px 0px;\n    font-weight: bold;\n    font-size: 21px;\n    color: #002b6c;\n}\n.fwpl-item.el-nvm25m {\n    font-size: 12px;\n    color: #000bb4;\n}\n.fwpl-item.el-p4y2sk {\n    font-size: 15px;\n    color: #9b0101;\n}\n.fwpl-item.el-bkdzir {\n    font-size: 15px;\n}\n.fwpl-item.link {\n    font-size: 11px;\n    color: #01118b;\n}\n.fwpl-item.el-o64oj {\n    font-size: 11px;\n    color: #01118b;\n}\n\n@media (max-width: 480px) {\n    .fwpl-layout {\n        grid-template-columns: 1fr;\n    }\n}\n<\/style>\n<\/div>\n<br \/><center><div class=\"facetwp-pager\"><\/div>\n<\/center><\/div>\r\n<\/div>\r\n","protected":false},"excerpt":{"rendered":"","protected":false},"author":1,"featured_media":0,"parent":0,"menu_order":0,"comment_status":"closed","ping_status":"closed","template":"","meta":{"footnotes":""},"class_list":["post-13","page","type-page","status-publish","hentry"],"acf":[],"_links":{"self":[{"href":"https:\/\/newssegura.econometria.com\/index.php\/wp-json\/wp\/v2\/pages\/13","targetHints":{"allow":["GET"]}}],"collection":[{"href":"https:\/\/newssegura.econometria.com\/index.php\/wp-json\/wp\/v2\/pages"}],"about":[{"href":"https:\/\/newssegura.econometria.com\/index.php\/wp-json\/wp\/v2\/types\/page"}],"author":[{"embeddable":true,"href":"https:\/\/newssegura.econometria.com\/index.php\/wp-json\/wp\/v2\/users\/1"}],"replies":[{"embeddable":true,"href":"https:\/\/newssegura.econometria.com\/index.php\/wp-json\/wp\/v2\/comments?post=13"}],"version-history":[{"count":45,"href":"https:\/\/newssegura.econometria.com\/index.php\/wp-json\/wp\/v2\/pages\/13\/revisions"}],"predecessor-version":[{"id":448,"href":"https:\/\/newssegura.econometria.com\/index.php\/wp-json\/wp\/v2\/pages\/13\/revisions\/448"}],"wp:attachment":[{"href":"https:\/\/newssegura.econometria.com\/index.php\/wp-json\/wp\/v2\/media?parent=13"}],"curies":[{"name":"wp","href":"https:\/\/api.w.org\/{rel}","templated":true}]}}